7
Let c(i) = i**2 - 14*i + 15. Let q be c(13). Suppose -q*m = -6*m + 12. What is the units digit of m?
3
Suppose 5*x - 163 = 2*m + 21, 0 = -3*x + 4*m + 116. Suppose 0 = -w + 3*w - x. What is the units digit of w?
8
Let c(q) = -q - 2*q**2 - 5*q**2 - 4*q - q + q**3 - 9. What is the units digit of c(8)?
7
Let w be 5/(6/(-4) + 4). Let j = -3 - -6. Suppose f = -w + j. What is the units digit of f?
1
Let n(r) = 102*r**3 - r**2 + 2*r - 1. Let h be n(1). Let b = -53 + h. What is the units digit of b?
9
Suppose -4*t - 8 = 0, 0*t + 5*t + 85 = 5*v. Suppose 0 = a - 0*a - v. Suppose k = 2*k - a. What is the units digit of k?
5
Suppose 2*f + 28 = 6*f. Let p = 5 + f. What is the tens digit of p?
1
Suppose 3*v - 76 = -o + 120, 0 = -3*v - 3*o + 186. What is the tens digit of v?
6
Let s = 21 + -18. Suppose 8 = -3*p + 7*p. Suppose p*w + y + 6 = s*w, 0 = -w - 2*y + 6. What is the units digit of w?
6
Suppose -25*n + 20*n + 595 = 0. What is the hundreds digit of n?
1
Suppose 0 = 4*d - 2*n - 26, -4*d - 2*n + 28 = -2*d. Suppose 6*b = d*b - 93. What is the units digit of b?
1
Suppose -5*h + 164 = -o, -4*h - 5*o + 2*o = -116. What is the units digit of h?
2
What is the tens digit of ((-248)/(-12))/(8/12)?
3
Suppose 4*d = h - 31 - 9, -1 = d. What is the units digit of h?
6
Suppose -4 - 4 = -4*u. Let y = u + -4. Let h(n) = -n**3 - n**2 + n + 1. What is the units digit of h(y)?
3
Suppose -5*q + 54 = 5*a + 9, -7 = -3*q + a. Suppose 5*m = -n + 18, -n = 5*m - q*n - 26. What is the units digit of m?
4
Suppose -3*f = -0*f - 345. Suppose 7*i - f = 2*i. What is the units digit of i?
3
Let g(p) be the first derivative of p**2/2 + 17*p + 1. Let q be g(-8). Let r(m) = -m**2 + 11*m - 6. What is the units digit of r(q)?
2
Let o(s) = -s + 1. Let v be o(0). What is the units digit of (v + -7)/(-4 - -3)?
6
Let a be -5*(-2)/10*-2. Let t(w) = w + 0 + 2 - w**2 - 3*w**2 + 5*w**2. What is the units digit of t(a)?
4
What is the tens digit of ((-24)/70)/((-4)/(-10))*-133?
1
Suppose 3*r = 2*x - 126, 2*r + 4 = -0*r. Suppose 6*k = 8*k - x. What is the units digit of k?
0
What is the tens digit of (2/3)/(4/186)?
3
Let z(s) = 3*s**2 + 2*s + 33. What is the hundreds digit of z(-6)?
1
Suppose 3*z - 10 = -2*t, -t + 0*t + 5 = 0. Let s = z - -5. What is the units digit of s?
5
Let c = 13 - -18. What is the tens digit of c?
3
Let r(i) = i**3 - 5*i**2 - 5*i - 1. Let f be 4/(-10) - (-64)/10. What is the units digit of r(f)?
5
Suppose -p + 0*s = 4*s + 10, -14 = -4*p + 2*s. Let a be 0*((-10)/4 + p). Let w = 11 + a. What is the units digit of w?
1
Suppose 5*g = -0*g - 100. What is the units digit of (-1 - 4/8)*g?
0
Let f = -4 + 46. What is the units digit of f?
2
Let b(x) = 5*x**2 + 7*x - 3. Let d(n) = 9*n**2 + 13*n - 5. Let q(w) = -11*b(w) + 6*d(w). What is the units digit of q(0)?
3
What is the hundreds digit of 2/(2 - 32*(-32)/(-514))?
2
Let l = -12 - -11. Suppose -w - r + 21 = -5*r, -3*w = -5*r - 42. Let v = w - l. What is the tens digit of v?
1
Let a(v) = 10*v + 1. Let c be a(2). Suppose 2*s + 5*d + 3 = -s, -3*s = -3*d - c. What is the units digit of 34/s - (-1)/(-2)?
8
Let d(n) = 2*n**2 - n - 2. Let a(m) = -m**2 + m + 1. Let l(t) = -3*a(t) - d(t). What is the units digit of l(-2)?
7
Let y(r) = r. Let b(h) = 3*h + 4. Let g(u) = b(u) - 4*y(u). Let j be g(10). Let m = 22 + j. What is the units digit of m?
6
Let j(f) = -5*f + 2*f + 2*f. Let v be j(-3). Suppose -7 - 14 = -v*s. What is the units digit of s?
7
Let j(n) = n**3 + 3*n**2 - n + 1. Let a be j(-3). Suppose -z + 40 = a*z. What is the units digit of z?
8
Suppose 5*b = -0*b + 155. What is the tens digit of b?
3
Let c(x) = -x**3 - x**2. Let g be c(-2). Let t(k) = 4*k + 1. What is the units digit of t(g)?
7
Let l = -24 + 40. What is the units digit of l?
6
Suppose 196 = -o - 4*c, -4*o + 0*o + 4*c = 684. Let y be o/(-12) - 4/6. Suppose 10 + y = 3*b. What is the units digit of b?
8
Let a = 38 - -40. What is the units digit of a?
8
What is the units digit of (-1 - 0) + 6 + -2?
3
Let q(j) = 32*j**2 + 5*j - 14. What is the tens digit of q(2)?
2
Suppose 4*p - p = -g + 89, 0 = p + 3. What is the tens digit of g?
9
Let a = 411 - 96. What is the tens digit of a?
1
Let k be -1 + 1*(-8 + -1). Let v = 4 - k. What is the tens digit of v?
1
Suppose 0 = 3*m - 5*h - 18, -h + 9 = 2*h. Let w = 20 - m. What is the units digit of w?
9
Suppose u + 3*u = 32. Suppose 0 = f + f - u. Suppose 0 = -f*y + 16, 0 = 2*b + y - 2*y - 14. What is the units digit of b?
9
Let y be 1 - 0 - (-3 + 0). Suppose 2*c + 0*c + 30 = y*p, 5*p - c = 42. What is the units digit of p?
9
Suppose a - 24 = -5*f + 40, -14 = -f + a. Let b = -5 + 8. Suppose b*g - 31 + f = 0. What is the units digit of g?
6
Let z(m) = 4*m - 4. What is the units digit of z(6)?
0
Let j be ((-9)/15)/((-6)/1410). Suppose n + 2*n = j. What is the units digit of n?
7
Suppose -3*i - 4 = -4*i. Suppose 4*x - 28 = -i. What is the units digit of (-38)/(-12) - 1/x?
3
Let h(c) = 6*c**2 - c. What is the tens digit of h(3)?
5
What is the tens digit of (2 - -28) + 6/6?
3
Suppose 0 = -3*m + 3*o + 291, -4*o = 4*m - 275 - 121. What is the units digit of m?
8
Let c(f) = f**2 + 4*f + 19. What is the units digit of c(-8)?
1
Let l(d) = -9*d**3 + 1. Let k be l(-1). Let v(u) = -u - 17. Let p be v(-16). What is the units digit of (4/k)/(p/(-10))?
4
What is the units digit of 522/20*2 - 5/25?
2
Suppose -j - 3*j + 648 = 4*w, w = j - 154. What is the units digit of j?
8
Let n be (-36)/1*10/(-6). Let o be -3 + 6 - 4/(-2). Suppose o*w - n = -25. What is the units digit of w?
7
Suppose n + 101 = 2*n. What is the tens digit of n?
0
What is the units digit of -2094*2/(-13) + (-8)/52?
2
Suppose n = 38 + 11. Suppose 3*q - 70 = -5*p, 2*q + p = -0*q + n. What is the units digit of q?
5
Let r(w) = -w**2 + 7*w - 5. Let v(o) = -o**3 + 6*o**2 + 2*o - 5. Let b be v(6). Let t be r(b). Let i = t - -8. What is the units digit of i?
3
What is the units digit of (-2 - -4)*5/5?
2
Let y = -6 - -23. What is the units digit of y?
7
Let h(q) = 15*q**2 - 4. What is the units digit of h(-4)?
6
Let x(g) = g**2 + 6*g - 7. Let h be x(-7). Suppose h*s - 8 = -s. What is the units digit of s?
8
Let q(p) = -14*p**2 + 56*p - 23. Let u(w) = 5*w**2 - 19*w + 8. Let f(r) = 4*q(r) + 11*u(r). What is the units digit of f(11)?
0
Let r = 21 + -17. What is the units digit of r?
4
Let t be -3*((-15)/(-9) - -1). Let m = 1 - t. What is the units digit of m?
9
Let p = 9 + -2. Suppose 5*o + 3*j = 3 + p, -3*o + 6 = -4*j. Suppose -o*y = -6 - 6. What is the units digit of y?
6
What is the tens digit of ((-6)/9)/((-2)/102)?
3
Suppose 0 = 6*q - 2*q - 60. Let h = q - 11. Suppose h*a - 5*a = -4. What is the units digit of a?
4
Suppose 0 = -0*c + c - 5*v - 86, 2*c - 3*v - 158 = 0. What is the units digit of c?
6
Let o(w) = -2*w - 3. Let h = 0 - -3. Suppose v = -h*v - 20. What is the units digit of o(v)?
7
Suppose -4*l + 108 + 0 = 0. What is the tens digit of l?
2
Let d(a) = a**3 - 10*a**2 + 9*a - 3. Let i be d(9). Let t = -1 - i. Suppose -5*g + g - 20 = 0, t*u - 2*g = 14. What is the units digit of u?
2
Let o(z) be the second derivative of 2*z - 5/2*z**2 + 0 - 1/3*z**3. What is the units digit of o(-7)?
9
Let s = 10 - 13. What is the tens digit of (-11 + s)/(-1) + 3?
1
Let p = 19 - 13. Let t(i) = i**3 - 5*i**2 - 6*i + 8. What is the units digit of t(p)?
8
Suppose 3*j - 18 = -3*c, 0 = 8*c - 4*c - j - 29. Suppose -4*i - 81 = -c*i. What is the tens digit of i?
2
Let q(h) = h + 41. What is the tens digit of q(0)?
4
Let p = -39 + 65. What is the tens digit of p?
2
Suppose -4*c + t = -c - 6, 0 = 3*c - 4*t - 6. What is the units digit of 496/28 + c/7?
8
Let k = 15 + -8. Suppose 3*u - k = 8. Suppose -u*d - 5*p = -d - 16, 5*d + 5*p - 20 = 0. What is the units digit of d?
4
Let r(b) = b**3 + 5*b**2 + 4*b + 3. Let n be r(-4). Suppose t = n + 7. Suppose 4*s = 22 + t. What is the units digit of s?
8
Let u be ((-2)/2)/((-1)/(-9)). Let o be 10*((-12)/(-10))/(-3). What is the units digit of o/(2/1) - u?
7
What is the units digit of (9/(-2))/(4/(-8))?
9
Suppose 3*i - 5*i = -180. What is the tens digit of i?
9
Suppose -3*u - p + 5*p = -20, u - 5 = p. Let t = u + 2. Suppose -b = 4*y - 8, t*y - y + b = 5. What is the units digit of y?
1
Suppose -5*z + 6 = -4. Suppose -3*w = 5*v - 2 - 3, 4*v = z*w - 18. Suppose d - 25 = -w*h,